7 a prime number?
True
Is 1082919 composite?
True
Is 1269641 a prime number?
True
Is 213493789 composite?
False
Is 8417963 composite?
False
Is 39232661 composite?
True
Is 231821671 a composite number?
False
Is 5858017 composite?
True
Is 49647889 composite?
False
Is 2471347 a composite number?
False
Is 295850831 a composite number?
True
Is 379208741 a composite number?
False
Is 185222893 a prime number?
False
Is 4533371 composite?
False
Is 16136591 a prime number?
True
Is 1762963 a composite number?
False
Is 18352051 prime?
False
Is 5260337 prime?
True
Is 347467745 prime?
False
Is 1518478661 composite?
True
Is 7652917 a composite number?
False
Is 1008473 a composite number?
True
Is 4075777 composite?
False
Is 162056977 a composite number?
False
Is 3670837 a prime number?
True
Is 31847213 a prime number?
True
Is 165969887 a prime number?
True
Is 14888509 a prime number?
True
Is 2912551 prime?
True
Is 2649137 a prime number?
True
Is 2905871 a composite number?
True
Is 9191813 prime?
False
Is 559157 a prime number?
True
Is 791277 a composite number?
True
Is 8312957 a prime number?
True
Is 81322739 composite?
False
Is 127456559 prime?
True
Is 17551349 prime?
False
Is 774361 a prime number?
False
Is 3609037 prime?
False
Is 10588447 a composite number?
False
Is 228867857 prime?
True
Is 42398539 a composite number?
False
Is 3345317 composite?
False
Is 77520047 prime?
False
Is 209951279 a composite number?
False
Is 6611699 prime?
True
Is 3009953 composite?
False
Is 17314405 prime?
False
Is 860887 a prime number?
True
Is 174884401 prime?
False
Is 25704049 composite?
True
Is 33490573 a prime number?
True
Is 564871 prime?
True
Is 873419 a composite number?
False
Is 1203283 composite?
False
Is 1125803 a composite number?
True
Is 12240985 composite?
True
Is 5238577 composite?
False
Is 58693963 a composite number?
False
Is 996060137 a composite number?
False
Is 1229963 composite?
True
Is 1890047 composite?
True
Is 6537677 a prime number?
False
Is 220819 prime?
False
Is 210257 a prime number?
True
Is 173181641 a prime number?
True
Is 3030107 a composite number?
False
Is 686448913 a composite number?
False
Is 2639671 a prime number?
False
Is 968460355 a composite number?
True
Is 19462691 a composite number?
True
Is 3695963 a prime number?
False
Is 9890381 prime?
True
Is 16923941 a composite number?
False
Is 105257263 composite?
False
Is 41330999 a prime number?
True
Is 55096453 prime?
True
Is 1871321 a prime number?
True
Is 53495951 prime?
False
Is 2989573 a prime number?
True
Is 123215879 composite?
False
Is 93891769 composite?
True
Is 23801501 prime?
True
Is 20917223 a prime number?
True
Is 262076317 composite?
True
Is 3949151 a composite number?
True
Is 73071953 prime?
True
Is 154358173 prime?
False
Is 1042659131 prime?
True
Is 893587 composite?
True
Is 260553347 a composite number?
True
Is 1200365 a composite number?
True
Is 112582259 composite?
False
Is 328651637 composite?
False
Is 3732737 prime?
False
Is 10911541 prime?
False
Is 258792697 a prime number?
False
Is 12250831 prime?
True
Is 4524235 prime?
False
Is 1377865 a prime number?
False
Is 5652121 composite?
False
Is 29461961 prime?
True
Is 214095797 composite?
False
Is 8137823 composite?
True
Is 69280399 a prime number?
True
Is 39104801 composite?
False
Is 1072573 composite?
True
Is 83990021 a prime number?
True
Is 2196347 a composite number?
False
Is 427513 composite?
False
Is 4060853 a composite number?
False
Is 2443009 prime?
False
Is 3314819 prime?
True
Is 3254423 a composite number?
False
Is 92274701 a composite number?
True
Is 818399 a prime number?
True
Is 3054167 prime?
True
Is 2521555 a composite number?
True
Is 126353603 composite?
False
Is 132330437 a composite number?
False
Is 281985287 composite?
False
Is 187992457 composite?
False
Is 910663381 a prime number?
False
Is 98730131 a composite number?
True
Is 2123339 prime?
False
Is 8161243 a prime number?
True
Is 411919 a prime number?
True
Is 201352297 a composite number?
False
Is 25200559 prime?
True
Is 1991573 a composite number?
False
Is 9764363 prime?
False
Is 151985957 composite?
False
Is 42972667 a composite number?
False
Is 41234133 a prime number?
False
Is 277191911 composite?
False
Is 28671791 a composite number?
False
Is 67914706 prime?
False
Is 24182429 composite?
False
Is 1111799483 prime?
True
Is 37787537 prime?
False
Is 6606943 a prime number?
False
Is 544501 a composite number?
False
Is 54190313 prime?
True
Is 832399 composite?
False
Is 15720481 prime?
False
Is 19086941 prime?
False
Is 5161137 a prime number?
False
Is 154463 composite?
True
Is 181045687 a prime number?
False
Is 56480681 a prime number?
False
Is 20450939 a prime number?
True
Is 1415639 a prime number?
True
Is 14682181 prime?
True
Is 1172329 prime?
True
Is 31761703 composite?
False
Is 134167 a prime number?
False
Is 49400041 a prime number?
True
Is 54037 a prime number?
True
Is 322459 prime?
True
Is 117997793 a prime number?
True
Is 6794357 prime?
True
Is 123590711 a prime number?
False
Is 105647239 composite?
True
Is 4990393 composite?
False
Is 600283 prime?
True
Is 22720241 composite?
True
Is 6844843 prime?
True
Is 47053394 prime?
False
Is 4776113 composite?
False
Is 154862119 a prime number?
False
Is 416283827 prime?
True
Is 200324599 prime?
True
Is 245662171 prime?
True
Is 185677 composite?
False
Is 41656085 a composite number?
True
Is 16598251 prime?
True
Is 159139063 prime?
False
Is 60743699 a composite number?
False
Is 119549 prime?
True
Is 21044014 a prime number?
False
Is 1324111 a composite number?
True
Is 20406081 a composite number?
True
Is 4669501 a composite number?
False
Is 488920877 prime?
False
Is 114571883 a composite number?
True
Is 271232651 a composite number?
False
Is 126821693 prime?
False
Is 33500153 composite?
False
Is 64915727 prime?
False
Is 302895289 a prime number?
True
Is 4860431 prime?
False
Is 11359003 a composite number?
False
Is 8629471 prime?
False
Is 738281 a prime number?
False
Is 31249589 composite?
True
Is 53751491 prime?
False
Is 6002849 a composite number?
False
Is 4160315 prime?
False
Is 89931923 a prime number?
True
Is 2044501 prime?
False
Is 6457966 prime?
False
Is 113006611 composite?
False
Is 317805179 a prime number?
True
Is 13182227 a prime number?
True
Is 824393 composite?
False
Is 630119003 composite?
True
Is 3018401 a composite number?
True
Is 155054843 a prime number?
True
Is 3206389 a composite number?
True
Is 1115011 composite?
False
Is 24783043 a composite number?
True
Is 1297126 composite?
True
Is 1883939 a prime number?
True
Is 13331989 a composite number?
True
Is 178970411 composite?
True
Is 2587735 a composite number?
True
Is 3297823 a prime number?
True
Is 41088569 composite?
True
Is 236583791 a prime number?
True
Is 7238243 prime?
False
Is 10486163 a prime number?
True
Is 11116813 prime?
False
Is 30044227 composite?
False
Is 23040349 a composite number?
False
Is 16665949 prime?
True
Is 191971151 a prime number?
True
Is 36661661 a composite number?
False
Is 74173607 composite?
True
Is 49267693 prime?
True
Is 3538027 prime?
True
Is 2261813 composite?
True
Is 15240439 a composite number?
False
Is 2829047 a prime number?
False
Is 2276509 prime?
False
Is 5674091 prime?
True
Is 275866891 composite?
False
Is 143380759 prime?
True
Is 28404481 composite?
True
Is 1140533 prime?
True
Is 32593141 composite?
True
Is 176548623 composite?
True
Is 3965723 prime?
True
Is 4755007 a composite number?
True
Is 2198569 a composite number?
False
Is 1845661 a composite number?
True
Is 25465819 a prime number?
False
Is 12680959 a composite number?
False
Is 47626429 prime?
True
Is 365291 a prime number?
True
Is 83771374 a composite number?
True
Is 310291601 a prime number?
True
Is 87495871 a composite number?
True
Is 46196611 a prime number?
True
Is 110001751 a prime number?
False
Is 2674921 a composite number?
False
Is 8822929 a prime number?
False
Is 7300333 prime?
True
Is 95294891 composite?
False
Is 58437913 a composite number?
False
Is 1501723 composite?
False
Is 9166285 a prime number?
False
Is 11376563 composite?
True
Is 844639 composite?
False
Is 8173673 a composite number?
False
Is 292051537 prime?
True
Is 62513861 composite?
False
Is 484518187 a prime number?
True
Is 28819459 a prime number?
True
Is 15565559 a